3/6 - 5*g**2/2 + 32*g. Let q be r(10). What is the tens digit of d(q)?
6
Let j = 312 - 310. Suppose -3 = k + 1, j*k - 190 = -f. What is the tens digit of f?
9
Let j(s) = 67*s**2 - 154*s + 88. What is the units digit of j(16)?
6
Let n(m) = m**3 + 17*m**2 - 2*m - 38. Let b be n(-17). Let o be ((-3)/6)/((-14)/b + -3). What is the tens digit of 2/((-2)/104*o)?
0
Suppose -5*n + 4*n - 9 = 0. Let t = 11 + n. What is the units digit of 35 + t + 18/(-3)?
1
Let h = -28 - -31. Suppose -h*l = -w - 2225, 3*l + 4*w + 1606 - 3821 = 0. What is the hundreds digit of l?
7
Let z be 174/(-783) + 112/18. Suppose 7345 = -z*m + 11*m. What is the thousands digit of m?
1
Let l(c) = -c**3 + 26*c**2 + 6*c - 4. Let d = -107 - -107. Suppose d = -m + 35 - 9. What is the hundreds digit of l(m)?
1
Suppose m = q + 13, 3*m + q - 19 = -0*q. Let h(p) = -p**3 + 5*p**2 - 3*p + 7. Let d be h(m). Let v = 338 + d. What is the tens digit of v?
2
Suppose -4*a + 20 = z, -a = -5*z - 2*a + 62. Suppose 5*o = o + z. Suppose -o*i = -11 + 5. What is the units digit of i?
2
Let k = 2397 + -1905. What is the tens digit of k?
9
What is the hundreds digit of 170/2*1224/60?
7
Suppose 4*v + 4240 = 2*z, z - 3*z - 4*v = -4232. What is the units digit of z?
8
Let i(j) be the third derivative of j**6/120 - 11*j**5/60 - 11*j**4/12 + 13*j**3/6 - 3*j**2 + 2. What is the tens digit of i(15)?
8
Let l(i) = 938*i - 5242. What is the thousands digit of l(23)?
6
Let d(o) = 52*o - 203. Suppose -17 = -6*r + 121. What is the units digit of d(r)?
3
Let g(l) = -l**3 - 38*l**2 - 69*l - 92. Let s be g(-37). Suppose -1097 = -f + 41*j - 43*j, 0 = f + 3*j - s. What is the thousands digit of f?
1
Let s = 49 + -41. Suppose 5*h + 2*i - 20 = 0, -2*h + 2*i + s = -0*h. Suppose -h*x + 596 = 4*y, x - 301 = -x - 3*y. What is the tens digit of x?
4
Let s be (4/(-6))/(-2)*18. Let m(o) = o**3 - 9*o**2 + 3*o - 17. Let y be m(9). Suppose -y = -2*i, s = -2*w + 4*i + 16. What is the tens digit of w?
1
Let v(t) = 949*t**2 - 7*t - 11. What is the units digit of v(4)?
5
Let n(g) = g**2 + g + 1. Let t(q) = -5*q**2 + 10*q - 19. Let j(a) = -6*n(a) - t(a). Let y be j(-17). What is the units digit of (-3)/y + 6097/52?
8
Suppose 4*n - 3*s + 71 = -0*s, -3*n = 5*s + 75. What is the hundreds digit of (74/6)/(2/(-3))*n?
3
Let q be (-2)/((-111)/117 + 1). Let a = -35 - q. Suppose z + a*j = 150, -j + 4*j + 311 = 2*z. What is the hundreds digit of z?
1
Let y = -21 - -26. Suppose 5*t + 25 = 5*n, 3*n + 5*t + 7 = y*n. What is the units digit of n?
6
Suppose 20*d = 7*d + 208024 + 196783. What is the thousands digit of d?
1
Let r(b) = 650*b**2 + 61*b - 6. What is the units digit of r(4)?
8
Let q be (15 + -5)*-1 - 60/(-15). Let b(v) = 2 - 1 - 2 - 7 - 36*v. What is the tens digit of b(q)?
0
Let k = 41996 + -16140. What is the units digit of k?
6
Suppose -9*j + 14262 = 3*n - 6*j, -j = -n + 4764. What is the hundreds digit of n?
7
Let n(q) = 8*q**2 + 13*q - 11. Let c be 6*(-1)/(-6)*(9 + -2). What is the units digit of n(c)?
2
Suppose -5492 = -4*p + 5*u, 2*p = 3*p + 2*u - 1386. Let a = p - 907. What is the tens digit of a?
7
Let s(u) = 865*u**2 - u. Let y be s(-3). Suppose 9*j + y = 21*j. What is the hundreds digit of j?
6
Let s(q) = -7*q + 38. Let k be s(-10). Suppose 0 = o - 5*j - 48, -3*o - 3*j + k = -6*j. What is the tens digit of o?
3
Let s(d) = -d**3 + 15*d**2 + 17*d - 13. Let x be s(16). Suppose 6*t = x*t + 9, -4*w = 5*t + 1. What is the units digit of (2 - 12)*14*w/16?
5
Let r be (-158)/(40/(-105) + 2/3). Let j = -343 - r. What is the units digit of j?
0
Let x(v) = 10*v**2 + 5*v - 7. Let q = -12 + -8. Let f be q/8*(-5 - -3). What is the tens digit of x(f)?
6
Suppose 2*w + 1112 = 3934. Suppose s = -5*r + w, r + 0*s = -5*s + 287. Suppose -5*l + 3 = -6*l, r = 3*i - 5*l. What is the units digit of i?
9
Let q(n) = 32841*n**3 - 2*n**2 + 240*n - 239. What is the thousands digit of q(1)?
2
Let x(z) = 2*z - 2*z + 6*z + 0*z + 31. Let o be x(7). Suppose 7*b + o = 8*b. What is the tens digit of b?
7
Let f(z) = z**2 + 95*z + 1248. What is the thousands digit of f(71)?
3
Suppose -6*y + 3690 = -y. Suppose -1533 + 14181 = -24*q. Let r = y + q. What is the units digit of r?
1
Let b be 2 - 1*(-6)/(-3). Let i(p) = 1 + 54 + p - p**3 - 30 - p**2 + 18 + 34. What is the tens digit of i(b)?
7
Suppose 8*j - 8 = 6*j. Suppose -j*x + 3*x - 3480 = -4*l, 3*x = 4*l - 3472. Suppose -6*p - 3*m = -11*p + l, -2*m + 358 = 2*p. What is the tens digit of p?
7
Let q = -1138 + 6272. What is the tens digit of q?
3
Let v(f) = -11*f + 83. Let g be v(24). Let k = g - -482. What is the tens digit of k?
0
Let u(n) = -n - 9. Let s be u(-6). Let t(j) = -47*j + 93. Let x be t(3). What is the units digit of (x/(-18) + s)*-678?
6
Let o(m) = 15 + 7 - 20 + 12*m - 10*m**2. Let d be o(5). Let y = 42 - d. What is the units digit of y?
0
What is the ten thousands digit of 13/(-39) + ((-307228)/(-8))/((-21)/(-14))?
2
Suppose -91764 - 209612 = -36*h + 87784. What is the hundreds digit of h?
8
What is the ten thousands digit of 112/196 + (4 - (-281893)/7)?
4
Let l(z) = -2459*z - 26. Let s be l(-4). Suppose -392*n = -401*n + s. What is the tens digit of n?
9
What is the ten thousands digit of (-97088)/10*(-39 + 315/10)?
7
Let a be ((-276)/(-16))/(6/16). Let i be (-10)/60 + a/(-12). What is the units digit of (3/i)/(9/(-1476))?
3
Let w(q) = q**2 - 9*q + 13. Let h be w(8). Suppose 418 = h*x + 3. Suppose 0 = 5*m - 5*l - 165, -6*m - 5*l = -3*m - x. What is the units digit of m?
1
Suppose -4*a = -222 - 3282. Suppose 0 = -4*k + 8, -12*z + 7*z = 3*k - a. What is the hundreds digit of z?
1
What is the thousands digit of 22/((3/5028)/(-5*12/(-60)))?
6
Suppose 2*l - 600 - 1024 = 4*j, -810 = -l + j. Let c = -456 + l. What is the units digit of c?
2
Let r(y) = 511*y**2 - 104*y - 101. What is the ten thousands digit of r(-6)?
1
Let c(m) = 56*m - 189. Suppose 11*x - 188 = 87. What is the tens digit of c(x)?
1
Suppose -325*a = -320*a + 175. Suppose 20 = -5*s, -5*r + s - 103 = -2*s. Let m = r - a. What is the units digit of m?
2
Suppose 3*t + 4*o - 1489 = 0, 4*t + 10*o = 9*o + 1994. Let h = -384 + t. What is the units digit of h?
5
Suppose 89293*j - 89277*j - 500160 = 0. What is the thousands digit of j?
1
Suppose 3*x = -2*z - 4, -4*z = 9*x - 10*x - 20. Let w = 2 - z. What is the units digit of (0 + 570/25)/(w/(-15))?
1
Let g(c) = -450*c + 897*c - 57 + 9*c**2 - 449*c. What is the units digit of g(-8)?
5
Let b(u) = 1002*u**2 - 15*u + 81. What is the units digit of b(3)?
4
What is the tens digit of -82*-146*(-7)/(-14) + -8?
7
Let v(r) = 37*r**2 + r + 6. Suppose 5*g - 5 = -15. What is the hundreds digit of v(g)?
1
Let o(z) = z**2 - 7*z + 8. Let f be 3 - 6 - (-13 + 1). Let c be o(f). Let r = -23 + c. What is the units digit of r?
3
Let u = 17651 + -8899. What is the thousands digit of u?
8
Let d be (-24)/(-30) - 31870/25. Let k = -681 - d. What is the tens digit of k?
9
Let a(z) = -4*z + 24. Let c be a(-4). Suppose -34 = 2*d - c. Suppose -12 = -5*w + d*l + 242, -5*l + 114 = 2*w. What is the tens digit of w?
5
Let f(z) = 3*z**2 - z. Suppose 4*j + 38 - 14 = 0. Let b(n) = n**3 + 6*n**2 + 3*n + 17. Let y be b(j). What is the units digit of f(y)?
4
Let o = 4646 - 730. What is the units digit of o?
6
Let s = 96 + -96. Suppose s = 10*u - 3*u + 14. What is the units digit of 1/(-1)*(u - -1)?
1
Let y(g) = -g + 23. Let s = 9 - -4. Let k be y(s). What is the units digit of 78 + (-2)/(k/(-15))?
1
Let f = -280 + 283. Suppose i + 2*n = -2*n + 1081, -i - f*n = -1086. What is the hundreds digit of i?
1
What is the thousands digit of 3/(5/(-15) - ((-447839)/83958 + 5))?
3
Let n = 5970 - 4509. What is the units digit of n?
1
Let b be 3 + 8 + -5 + 4019. Suppose 11011 - b = 7*y. What is the hundreds digit of y?
9
Let c(r) = 3*r**2 + 52*r + 15. Let d be c(-17). Let a be (-1 + d/10)/(16/(-920)). Let g = 247 - a. What is the hundreds digit of g?
1
Let n(c) = 3*c**3 - 10*c**2 + 71*c + 2. What is the tens digit of n(17)?
5
Suppose -4*h + 3*p - 47 = 0, 0 = -3*h + 8*h + 2*p + 30. Let k(q) = -40*q - 13. What is the hundreds digit of k(h)?
3
Let i = 47959 + -28522. What is the hundreds digit of i?
4
Suppose 65*b - 339024 - 2513852 = 13*b. What is the hundreds digit of b?
8
Suppose 0 = -2*h - 6*t + 15270, 462*h + 5*t + 15204 = 464*h. What is the thousands dig